
Is 14*12/(-252)*181974/(-4) a prime number?
False
Suppose 0 = 6*k - k. Suppose k*w - 5*w = 0. Is (0 - -1)*(w + 46) a prime number?
False
Let i(g) = -4*g**3 - 2*g**2 - 2*g - 7. Let t(x) = -x**2 + 32*x + 0 + 5 - 34*x. Let o be t(-4). Is i(o) a composite number?
False
Suppose -4*p + 20 + 4 = 0. Let r(f) be the third derivative of 3*f**5/20 + 3*f**4/8 - 5*f**3/6 - 10*f**2. Is r(p) a composite number?
False
Let u(p) = 77*p - 13. Let c(r) be the second derivative of -13*r**3/2 + 7*r**2/2 - 6*r. Let x(w) = 9*c(w) + 4*u(w). Is x(-5) a prime number?
False
Is (3*317/12)/(15/2460) a composite number?
True
Let n(z) = -300*z + 29. Is n(-7) prime?
True
Let b be 4*-1*(2 + -6). Suppose w - 38 = -b. Is w composite?
True
Suppose b - 823 - 9824 = -2*x, 4*b = x + 42552. Is b prime?
True
Let j(t) = -t**2 + 7*t - 10. Let l be j(5). Suppose -5*z - v + 641 = l, 4*z + 5*v - 40 - 477 = 0. Is (z - (-3)/(-3)) + 0 a prime number?
True
Let p(j) = 2*j**3 - 8*j**2 + 9*j - 15. Let u be p(8). Let i = u - 378. Is i composite?
False
Let s = -15 + 12. Let u be s - (1 - (3 + -5)). Let g(k) = -19*k + 5. Is g(u) composite?
True
Let g be 4/20 + 401/(-5). Let x = -33 - g. Is x a composite number?
False
Suppose -6*d + 8*d - 550 = 0. Suppose -r = -d - 5. Let m = r - 195. Is m prime?
False
Let i(k) = -35*k - 3. Suppose 0*w = 5*w - 3*t + 64, t + 41 = -4*w. Is i(w) prime?
False
Let g = -103 - -228. Let z = 358 - g. Is z a composite number?
False
Let i(h) = 93*h - 7. Let d = -50 + 54. Is i(d) a prime number?
False
Let h(g) = -g**2 + g - 45. Let p be h(0). Let k be p + (16/(-4))/(-4). Let f = -31 - k. Is f a composite number?
False
Suppose 5*i = 4*g + 300, 5*g = -i + 2*i - 354. Let v = 119 + g. Is v a composite number?
True
Let h = 1289 + 1392. Is h a prime number?
False
Let p(f) = 270*f - 19. Let i be ((-9)/(-6))/((-6)/(-24)). Is p(i) a prime number?
True
Let d be ((-119)/(-14))/((-2)/(-4)). Let u = d + -15. Is (10/(-4))/(u/(-148)) a composite number?
True
Let x(k) = 18 - 41*k - 27 - 45. Is x(-23) composite?
True
Let c(v) = -4183*v + 6. Is c(-5) prime?
True
Let j be 34/(-85) - (-132)/5. Suppose -7*a = -6*a + j. Let t = a - -69. Is t prime?
True
Suppose 0 = -2*i - 4*c + 226, 343 = 3*i - 5*c - 29. Let f = -68 + 96. Suppose -3*q = -f - i. Is q composite?
True
Suppose 80915 = 520*r - 515*r. Is r composite?
False
Suppose 5*r - 1629 = -4909. Let k = 27 - r. Is k a composite number?
False
Let x be (-45)/(-60) - 1366/8. Let t = 41 - x. Is t prime?
True
Let p = 14767 - 10066. Suppose 2*c - 5*c + p = 0. Is c a prime number?
True
Suppose 3*o + 2*z - 11 = 0, -o + 13 = -4*z - 0*z. Suppose o*l = l. Suppose l = y + t - 9, 4*y = 8*y - 2*t - 42. Is y a prime number?
False
Let a = -6 + -6. Let b = 173 - a. Is b prime?
False
Let c(b) = b**3 + 9*b**2 - 4*b + 8. Let u be ((-957)/286 - (-2)/(-13))*2. Is c(u) a composite number?
True
Let z(u) = 4*u - 5*u + 20*u - 12 - 5. Is z(16) a composite number?
True
Suppose 0 = -5*l + d + 83, -2*l - 6 + 32 = -4*d. Suppose l - 3 = 2*w. Suppose w*r - 80 - 53 = 0. Is r composite?
False
Suppose 9683 + 62634 = 7*h. Is h a composite number?
False
Suppose -10 = 2*x, -12*x + 8*x + 37578 = 2*g. Is g prime?
False
Suppose -z + h = -3, -3*z - 1 = -2*h + 4*h. Is 8704/8 - z/1 prime?
True
Let g(j) = -9 + 9 + 4*j + 4*j**2. Let p be g(3). Suppose p = -3*z + 141. Is z a prime number?
True
Let v = -3 + 4. Let n(t) = 3*t + 4*t - 6*t + v + 185*t**2. Is n(-1) a prime number?
False
Suppose 0*k - k = -3. Suppose 4*o - 222 = -2*l, -o - 322 = -k*l + 4*o. Is l a composite number?
False
Suppose 7260 = 2*w + 8*w. Let n = 1703 + w. Is n a prime number?
False
Let u(f) = -4*f**3 + f**2 + 6*f + 5. Suppose g - 4*a = 8, -2*a - 1 = 5. Is u(g) composite?
True
Suppose -2*c = -j - 41, c - 16 = 2*j + 3. Suppose -c = i - 9. Is (i/15)/(2/(-15)) prime?
False
Suppose s = -9*r + 7*r + 13308, -5*r = s - 33267. Is r a prime number?
True
Let l(c) = -41*c + 5. Let u be l(-2). Suppose -3*p + 255 + u = 0. Let s = 343 + p. Is s composite?
False
Let l(a) = 1046*a + 6. Let i be l(-5). Is (-1)/4 - i/32 prime?
True
Is 6 - (-176593 - (2 - -2)/1) a composite number?
True
Let k(g) be the first derivative of g**4/4 + 2*g**3 + 4*g - 1. Let s be k(-6). Suppose s*j = 1959 + 301. Is j a composite number?
True
Suppose -6*n + 4 = -4*n. Suppose 8 = -n*d, -1160 = -2*s + 2*d - 4*d. Suppose -2*u = 2*v - s, 2*u - 279 - 10 = -v. Is v a composite number?
True
Suppose -3*p = -1 + 4. Is 2 - 2*((-1948)/8 + p) a prime number?
True
Suppose -367 = -k + 3600. Is k composite?
False
Let q(k) = -k**3 - 7*k**2 - 18*k + 27. Let r be q(-13). Suppose 2*v - 997 = -3*f, -r = -4*v - 2*f + 699. Is v prime?
True
Suppose 0 = -6*x + 9*x - 19569. Is x a prime number?
False
Let a = 2 + 0. Suppose -6*s = -4*w - s - 7, -2*w + a*s - 2 = 0. Suppose 2 = -w*r + 4*y, 30 + 25 = 5*r + 5*y. Is r a composite number?
False
Let p(i) = 2*i + 2. Let b be p(-3). Is 48/(-32) - 1954/b a composite number?
False
Let f be ((-378)/4)/((-5)/10). Suppose 3*q - f - 3327 = 0. Suppose -7*w + q = -3*w. Is w a composite number?
False
Suppose -4*f = k + 13, -4*k = -5*f + 2 + 8. Let c(o) = -o + 1. Let h(n) = -5*n**2 - 4*n - 12. Let t(i) = k*c(i) - h(i). Is t(-6) a prime number?
False
Suppose -2*c + 52760 = 6*c. Is c a composite number?
True
Suppose -4*x + 55720 = -8*f + 9*f, 4*x = -2*f + 55716. Is x a prime number?
True
Let u be 9/(-27) + (-37)/(-3). Let i(p) = 51*p + 11. Is i(u) composite?
True
Let y be 28*2*(-5)/8. Let r be 6903/21 - 10/y. Let u = -210 + r. Is u a composite number?
True
Suppose -3*z = -f + 12695, z = -3*f + 4*z + 38085. Is f a prime number?
False
Let i be 6/(-8)*72/(-18). Suppose i*h - 7*h + 1492 = 0. Is h composite?
False
Let w(c) = c - 47. Let n be w(-16). Is (n/(-42))/((-3)/(-3518)) a prime number?
True
Suppose -2*o - 2 - 12 = 0. Let j(x) = -5*x**2 + 5*x + 2*x**2 + 3*x**2 + 5 + x**2. Is j(o) a composite number?
False
Suppose -7*z + 2*z + 14 = -d, d + 2 = z. Let l(u) = 179*u - 2. Is l(z) a composite number?
True
Let i be (-14)/(-6) + 6/9. Let b(f) = 71*f - 5 - 2 - 4 + i. Is b(9) a prime number?
True
Suppose 3*i - 1 - 11 = 0. Suppose 5*s = -2*l - 14 + 4, -4*l - 20 = -i*s. Suppose m - 4*y - 15 = s, 4*m - 38 = y + 22. Is m prime?
False
Let q(f) = -764*f + 229. Is q(-8) prime?
False
Let q(b) = -6*b**2 + 6*b**2 + 5*b**2 - b**3 + 3. Let d be q(5). Suppose -3*p - 200 = -y + 25, -2*y - d*p = -486. Is y composite?
True
Suppose 10*n = 98544 - 2074. Is n a composite number?
True
Suppose 0 = 4*b + 305 + 343. Let p = 425 - b. Is p prime?
True
Is 7607/2 + 18/(-36) composite?
False
Suppose m - 867 - 1978 = 0. Is m a composite number?
True
Let z = -37 + 41. Suppose -z*h + 13 = -135. Is h composite?
False
Suppose 5*r = 9*r - 27592. Is r a prime number?
False
Let y be 4/(-16) - (-26)/8. Suppose i + 38 = y*i. Is i a composite number?
False
Let f = 61131 - 41458. Is f composite?
True
Let o = 27 + -28. Is 5 + o - (2/(-1) - 29) composite?
True
Let d(t) = 30*t - 34. Let l(v) = -15*v + 17. Let s(i) = -3*d(i) - 5*l(i). Is s(-4) composite?
True
Let u = -21 - -118. Suppose 57 + u = 2*j. Is j a prime number?
False
Let a = -3149 - -5482. Is a a prime number?
True
Let k = 7 + 180. Let o = -29 + k. Is o a composite number?
True
Let h = -21681 + 30800. Is h prime?
False
Let n = -1657 + 11318. Is n a composite number?
False
Suppose 20220 = 47*y - 44*y. Suppose 5*g - g = y. Is g a composite number?
True
Let h = 278 - -53. Let g be (h/3)/(3/9). Suppose 0 = o - 3*j - j - g, 0 = -2*o + 4*j + 650. Is o a composite number?
True
Suppose 0 = -5*y + x + 956, -2*y + 4*x = -y - 195. Is y prime?
True
Let t(y) = -2*y**3 + y + y**3 + y**2 - 41 + 256. Let q = 66 - 66. Is t(q) a composite number?
True
Is (-12084)/(-28) + 0 - (-12)/(-21) composite?
False
Let d(v) = -5 - 8*v**2 - 7 + 26*v**2 + 11. Is d(4) a prime number?
False
Suppose -3*k + 120525 + 14338 = -j, 3*k + 5*j - 134839 = 0. Is k composite?
False
Let p = 2 + 2. Let m(b) = 209*b**2 - 4. Let z(v) = 210*v**2 - 5. Let t(s) = p*m(s) - 3*z(s). Is t(-1) a prime number?
False
Let u(p) be the second derivative of -p**3/2 + 15*p**2/2 - 6*p. Let a be u(-12). Let v = a - 36. Is v composite?
True
Let v = -698 - -1238. Suppose 4*r + 164 = -l - 265, -v = 5*r + 5*l. Let g = r - -252. Is g a composite number?
True
Let p(j) = j**3 - 11*j**2 + 8*j - 8. Let c be p(8). Let w = 134 +